s the highest common factor of 29 and 2291?
29
What is the greatest common divisor of 38 and 2774?
38
Calculate the highest common divisor of 3263 and 2008.
251
Calculate the greatest common factor of 410 and 20.
10
What is the greatest common factor of 472 and 68?
4
Calculate the greatest common divisor of 756 and 522.
18
Calculate the highest common factor of 12 and 69.
3
Calculate the highest common divisor of 75 and 425.
25
Calculate the greatest common divisor of 4 and 74.
2
Calculate the highest common divisor of 224 and 126.
14
Calculate the highest common factor of 25 and 90.
5
What is the greatest common factor of 98 and 42?
14
What is the greatest common divisor of 501 and 3?
3
Calculate the greatest common divisor of 352 and 3.
1
Calculate the greatest common factor of 341 and 589.
31
What is the greatest common divisor of 540 and 140?
20
Calculate the highest common divisor of 1180 and 80.
20
What is the greatest common divisor of 34 and 493?
17
Calculate the highest common factor of 220 and 70.
10
Calculate the greatest common factor of 2852 and 310.
62
What is the highest common factor of 324 and 36?
36
What is the highest common factor of 42 and 490?
14
What is the highest common factor of 1053 and 117?
117
Calculate the highest common divisor of 845 and 1820.
65
What is the highest common divisor of 42 and 3402?
42
What is the highest common divisor of 18 and 6516?
18
Calculate the highest common factor of 96 and 432.
48
Calculate the greatest common divisor of 420 and 56.
28
What is the greatest common divisor of 92 and 100?
4
What is the highest common divisor of 32 and 1208?
8
What is the greatest common divisor of 224 and 16352?
224
What is the greatest common divisor of 301 and 129?
43
What is the greatest common divisor of 98 and 490?
98
What is the greatest common factor of 108 and 24?
12
Calculate the greatest common divisor of 3942 and 584.
146
What is the highest common factor of 156 and 10842?
78
What is the greatest common factor of 60 and 800?
20
What is the greatest common factor of 16 and 43000?
8
What is the greatest common divisor of 29 and 4?
1
Calculate the highest common divisor of 1992 and 16.
8
Calculate the greatest common divisor of 94 and 846.
94
Calculate the greatest common factor of 2 and 101.
1
Calculate the highest common factor of 225 and 36.
9
What is the highest common divisor of 4410 and 110?
10
What is the greatest common divisor of 583 and 106?
53
What is the highest common divisor of 820 and 2665?
205
Calculate the greatest common divisor of 253 and 23.
23
What is the highest common factor of 60 and 51780?
60
Calculate the highest common divisor of 270 and 3900.
30
Calculate the greatest common divisor of 14 and 238.
14
What is the highest common divisor of 186 and 248?
62
Calculate the highest common divisor of 112 and 140.
28
What is the highest common divisor of 16 and 752?
16
Calculate the highest common divisor of 69 and 575.
23
Calculate the greatest common factor of 40 and 320.
40
Calculate the greatest common divisor of 24 and 34296.
24
What is the greatest common factor of 17 and 1819?
17
Calculate the highest common factor of 42 and 96.
6
Calculate the highest common factor of 704 and 256.
64
What is the highest common divisor of 10 and 6?
2
Calculate the greatest common divisor of 776 and 97.
97
Calculate the highest common factor of 86 and 8.
2
Calculate the highest common divisor of 493 and 319.
29
Calculate the highest common factor of 19420 and 40.
20
Calculate the highest common divisor of 36 and 192.
12
What is the highest common factor of 70 and 5495?
35
Calculate the greatest common factor of 396 and 891.
99
Calculate the greatest common factor of 600 and 75.
75
What is the greatest common factor of 78 and 8?
2
What is the greatest common factor of 4032 and 126?
126
What is the greatest common factor of 284 and 100?
4
Calculate the highest common factor of 602 and 215.
43
Calculate the greatest common factor of 615 and 30.
15
What is the highest common factor of 132 and 484?
44
Calculate the highest common factor of 1664 and 112.
16
Calculate the greatest common factor of 11 and 121.
11
Calculate the greatest common divisor of 132 and 429.
33
What is the highest common factor of 285 and 15?
15
Calculate the greatest common divisor of 28 and 21.
7
Calculate the highest common factor of 648 and 96.
24
What is the highest common factor of 24 and 384?
24
Calculate the highest common factor of 2 and 5.
1
What is the highest common divisor of 3588 and 204?
12
What is the greatest common factor of 111 and 9?
3
What is the highest common divisor of 192 and 2976?
96
What is the greatest common divisor of 114 and 18?
6
What is the highest common divisor of 306 and 136?
34
What is the highest common factor of 16 and 8688?
16
Calculate the highest common divisor of 22 and 36.
2
What is the highest common divisor of 1055 and 145?
5
Calculate the greatest common divisor of 2249 and 1384.
173
What is the greatest common factor of 663 and 65?
13
Calculate the highest common factor of 12 and 9720.
12
Calculate the greatest common factor of 132 and 96.
12
Calculate the highest common divisor of 9 and 5391.
9
What is the greatest common factor of 4466 and 174?
58
Calculate the greatest common factor of 12 and 64.
4
What is the greatest common divisor of 6246 and 18?
18
Calculate the greatest common factor of 48 and 3056.
16
Calculate the greatest common divisor of 495 and 55.
55
What is the highest common divisor of 15 and 597?
3
What is the greatest common factor of 16 and 20112?
16
What is the greatest common factor of 42 and 14?
14
Calculate the highest common divisor of 1566 and 81.
27
What is the greatest common divisor of 208 and 48?
16
Calculate the greatest common divisor of 242 and 77.
11
Calculate the highest common factor of 11875 and 38.
19
What is the greatest common factor of 156 and 12?
12
Calculate the highest common divisor of 252 and 90.
18
Calculate the greatest common factor of 34 and 1003.
17
Calculate the greatest common divisor of 381 and 48.
3
What is the greatest common divisor of 493 and 272?
17
Calculate the highest common factor of 180 and 435.
15
Calculate the highest common divisor of 70 and 1372.
14
What is the greatest common divisor of 9500 and 228?
76
What is the highest common factor of 867 and 6579?
51
Calculate the highest common divisor of 6 and 58.
2
What is the greatest common divisor of 15 and 13785?
15
What is the greatest common divisor of 259 and 296?
37
What is the greatest common factor of 4 and 100?
4
What is the greatest common factor of 3 and 13911?
3
Calculate the highest common divisor of 34 and 11.
1
Calculate the highest common divisor of 6771 and 732.
183
What is the highest common factor of 135 and 20?
5
Calculate the greatest common divisor of 25 and 30.
5
Calculate the greatest common factor of 17545 and 580.
145
What is the highest common factor of 10 and 2890?
10
Calculate the highest common divisor of 146 and 22.
2
What is the greatest common divisor of 1 and 7?
1
Calculate the highest common factor of 208 and 6592.
16
Calculate the greatest common divisor of 60 and 465.
15
Calculate the greatest common divisor of 537 and 9.
3
Calculate the greatest common divisor of 220 and 715.
55
What is the highest common divisor of 120 and 80?
40
Calculate the highest common factor of 44 and 9350.
22
What is the highest common factor of 6398 and 14?
14
Calculate the greatest common divisor of 108 and 972.
108
Calculate the greatest common factor of 20 and 265.
5
Calculate the greatest common factor of 29 and 783.
29
Calculate the highest common factor of 28 and 20804.
28
Calculate the highest common factor of 304 and 494.
38
What is the greatest common factor of 70 and 21?
7
What is the highest common factor of 27 and 4833?
27
Calculate the highest common divisor of 11 and 1661.
11
What is the greatest common factor of 23 and 6187?
23
Calculate the highest common factor of 50 and 370.
10
What is the greatest common divisor of 7849 and 501?
167
Calculate the highest common divisor of 875 and 560.
35
What is the greatest common factor of 112 and 3752?
56
Calculate the highest common divisor of 3458 and 364.
182
What is the greatest common fa